k - 4. Let x be b(-11). Suppose -4*p = -39 + 3. Let a = x - p. What is the units digit of a?
9
Let b be (-2658)/(-4) - (-5)/(-10). Suppose 5*y - b = y. What is the units digit of y?
6
Suppose 0 = 9*c - 20 - 16. Suppose -4*s - 105 = -c*z + 59, 2*s = -4*z + 176. What is the units digit of z?
3
Let w(s) = 44*s - 28. What is the units digit of w(11)?
6
Let a be 6/3 - (-3 + 0). Suppose b - 4*u + 12 = 0, 16 = a*b - 6*b + 5*u. Suppose 2*m + 2*m = -3*n + 247, b*m + n - 237 = 0. What is the units digit of m?
8
Let x = 17 + -14. Let n(k) = -220*k + 65. Let r(f) = 17*f - 5. Let w(q) = 3*n(q) + 40*r(q). What is the units digit of w(x)?
5
Suppose -1999 = 3*j + z - 6546, 3*z = 15. What is the hundreds digit of j?
5
Let r = 2832 + -2767. What is the tens digit of r?
6
Let v(r) = 78*r**2 + r - 20. What is the hundreds digit of v(-5)?
9
Suppose -i = -5*z + 9975, 3*z = -3*i - 3578 + 9545. What is the units digit of z?
4
Let r(o) = 77*o - 52*o - 1 + 1 + 1. Suppose 5*v = 4 + 1. What is the units digit of r(v)?
6
Let i = 52 + -47. Suppose 4*y - o - 442 = 0, 5*o = 6*y - i*y - 120. What is the tens digit of y?
1
Suppose 5*y - 60 = y. Suppose -27 = -2*c - y. What is the units digit of c?
6
Suppose -13*l = -15*l + 208. Let d = l + -56. What is the tens digit of d?
4
Let r(a) = -a + 6. Let i be r(5). Let w be 33 - 1*(i + -2). Suppose 5*h - w = 66. What is the tens digit of h?
2
Let k be -4 + 0/(-1)*(-2)/6. Let n(g) = 11*g**2 - 6*g - 14. What is the units digit of n(k)?
6
Let g be (-5)/((-15)/(-6)) - -2. Suppose -5*y - z + 51 = g, -2*y + z + 0*z + 26 = 0. Suppose w - y = 12. What is the units digit of w?
3
Suppose -5 = -3*r + 4. Suppose -5*l - 52 = -3*f, -r*f - 2*l + 78 = f. What is the units digit of f?
9
Let w(o) = 94*o + 185. What is the hundreds digit of w(9)?
0
Let y be 1/(3/(-48)*2). Suppose -3*x + 14 - 68 = 0. Let b = y - x. What is the tens digit of b?
1
Let a = -263 + 287. What is the tens digit of a?
2
Let x(i) = -i + 4. Let o be x(7). Let z = o + 5. Suppose z*g = -10 + 52. What is the tens digit of g?
2
Suppose 3435 - 14523 = -18*p. What is the tens digit of p?
1
Let r be (-4)/(-14) - (-192)/14. Suppose 5*l - 1 = r. Suppose 0 = -2*o - 5*y + 86, 4*o + l*y - 4*y - 128 = 0. What is the tens digit of o?
3
Let i = 3783 + -2308. What is the hundreds digit of i?
4
Suppose 10 + 2 = 4*y. Suppose 1 = -w + y. Suppose 31 = z - w*x, 0*x - 31 = -z - 5*x. What is the tens digit of z?
3
Let q be 1*(-5)/(2 + -7). What is the units digit of 5/(10/4) + q*136?
8
Let o = 41 + -48. What is the units digit of o*(-1)/(28/312)?
8
Suppose -4*u = 2*f + 2, 0*f - 5 = 2*u + 5*f. Let d = 7 - 5. Suppose -d*b + 42 = -u*b. What is the units digit of b?
1
Let q(x) = -x**3 - 4*x**2 - 5*x - 20. What is the tens digit of q(-5)?
3
Let l(d) = d**3 - 2*d**2 + 2*d - 7. What is the hundreds digit of l(6)?
1
Suppose -5*v - 15 = 0, 3*h - 5*v + 2 = 23. Suppose 2*w + 6 - h = 0. What is the tens digit of w/(-6) + (-176)/(-12)?
1
Let w = -3 + 5. Let a = -3 + 6. Suppose -h + a + w = 0. What is the units digit of h?
5
Let i = 28 + -28. Suppose b + i - 5 = 0. Suppose 4*s = -c + 49, -c + b*c - 4*s - 236 = 0. What is the units digit of c?
7
Let i(n) = 41*n - 1. Let g(o) = 21*o. Let r(s) = 11*g(s) - 6*i(s). What is the units digit of r(-7)?
1
Let q(f) be the third derivative of -f**6/120 + 3*f**5/20 - 5*f**4/12 + 3*f**3 + 31*f**2. What is the tens digit of q(7)?
4
Let s be (-304)/(-6) + 2/(-3). Suppose 4*r = -r - s. Let o(q) = -6*q + 12. What is the units digit of o(r)?
2
Let i(o) = -34*o + 7. Let w be i(3). Let c be (5 - 0)*(-2888)/w. Suppose 3*t - 3*f - c = -f, -5*f = 20. What is the units digit of t?
8
Let u be (-4)/(-22) - (-273)/11. Let n = 25 - u. Suppose n = -11*k + 16*k - 130. What is the tens digit of k?
2
Let t = -15 - -156. Suppose 4*p - 119 = -0*a + 3*a, 5*p - t = -4*a. What is the tens digit of p?
2
Suppose m + 13 = 4*q, -2*q - 3*q = -10. What is the units digit of 34 + m/((-10)/(-4))?
2
Let k(n) = 3*n**3 - 2*n**2 + 1. Let g be k(1). Suppose -g*h + 4*y - y - 5 = 0, -4*y + 4 = 0. What is the tens digit of (0 - h) + 80/4?
2
Suppose -4*o = 2*g - 8, -g - 2*g + 12 = 2*o. Suppose -u + a + 77 = o, -2*u - a = -0*u - 139. What is the tens digit of u?
7
Let b = -355 - -820. What is the units digit of b?
5
Let p(i) = -42*i**3 + 4*i**2 + 2*i + 3. What is the hundreds digit of p(-3)?
1
Let z(s) = -s**3 + 2*s**2. Let u be z(2). Suppose -h + 4 - 1 = u, -3*r = h - 15. What is the units digit of (-170)/r*(-72)/45?
8
Let h(w) = w**3 + 5*w**2 + 3*w + 1. Let u(f) be the third derivative of -f**4/6 - 5*f**2. Let q be u(1). What is the units digit of h(q)?
5
Suppose 4*v - 5*z = 5991, 2*z = 5*v - 2*z - 7500. What is the hundreds digit of v?
5
Suppose -3*v = -0*v - 192. Let g = 62 - 108. Let c = v + g. What is the tens digit of c?
1
Let d(v) = v + 66. What is the tens digit of d(-14)?
5
Let l = -144 - -185. What is the units digit of l?
1
Let p(n) be the first derivative of n**2/2 + 52*n + 1. Suppose 4*u - 3*l - 15 = 0, -21*u + 26*u + 3*l + 15 = 0. What is the units digit of p(u)?
2
Let p = -38 + 68. Suppose 3*d = -d + 8. Suppose -4*i = d - p. What is the units digit of i?
7
Let y be 5 + -9 + -2 + -8. Let f = y + -25. Let z = f - -77. What is the units digit of z?
8
What is the units digit of (19/((-1425)/30))/(1/(-4030))?
2
Let a = -4 + 12. Let q be ((-92)/a)/(1/(-2)). Let c = 48 - q. What is the units digit of c?
5
Let t(w) = w**3 + 8*w**2 - 22*w + 5. What is the tens digit of t(7)?
8
Suppose -2*z = -5*z. Suppose f - i = 5, z*i = -i + 2. Let t = 14 + f. What is the tens digit of t?
2
Let f(r) be the third derivative of r**6/120 + r**5/12 + r**4/24 + 5*r**3/6 + 9*r**2. Let z be f(-6). Let g = -8 - z. What is the units digit of g?
9
Let p be (6/4)/((-6)/(-32)). Suppose 0 = -p*w + 530 - 154. What is the units digit of w?
7
Suppose 10*v + 632 = 2*v. Let d = 215 + v. What is the tens digit of d?
3
Let k(a) = a - 10. Let p be k(7). Suppose 20*x - 24*x = -236. What is the tens digit of x + (-3 - (-3 - p))?
5
Let m be (-1)/(-2) + 20/8. Suppose -5*w + 239 = 2*g, 4*g - m*w = w + 464. What is the hundreds digit of g?
1
Let m = 2 - -6. Let q = m + -5. Suppose q*c - 2 = 46. What is the tens digit of c?
1
Let d be 6 + -1 + (-2 - 1). Let h = 0 + d. Suppose n - 46 = -2*r + 3*n, -n - 44 = -h*r. What is the tens digit of r?
2
Let s = 811 - 448. What is the hundreds digit of s?
3
Let l(x) be the first derivative of x**3/3 - 9*x**2/2 + 8*x - 8. Let u be l(8). Suppose 3*m - 12 = u, 0*h - h - 4*m = -26. What is the tens digit of h?
1
Let n = 47 - 7. Let s = 9 + n. What is the units digit of s?
9
Let m(s) = 4*s**2 + 6*s + 19. What is the hundreds digit of m(8)?
3
Let l be 42/(-35)*(-5)/2. Suppose -l*u + 51 = -5*v, 0 + 13 = u - 3*v. What is the units digit of u?
2
Suppose z = 3*n + 12, n = 3*z + 2 + 2. Let p(u) = -6*u**2 - 8*u - 8. Let w(a) = -a**2 - 1. Let v(c) = n*w(c) + p(c). What is the units digit of v(-6)?
9
Let k = -326 - -564. What is the hundreds digit of k?
2
Let t(d) = 3*d**2 + 5*d - 1. Let l be (-6)/(-9)*(1 - -5). What is the units digit of t(l)?
7
Let k = 56 + -109. Let g(l) = -9*l**2 + 2*l + 1. Let x be g(2). Let t = x - k. What is the units digit of t?
2
Let n be ((-6)/(-8) - (-15)/(-20))/1. Suppose -2*l + n*l + 134 = 0. What is the tens digit of l?
6
Suppose 4*v = 26 - 18. What is the units digit of 6/7*(v - -5)?
6
Let k(a) = -2*a + 64. Let f be k(5). Let m = f - -81. What is the tens digit of m?
3
Suppose 3*b - b - 8 = 4*k, 2*b = k + 14. Let f = b + -5. Suppose -f*p - 96 = -7*p. What is the tens digit of p?
2
Let c(x) = x**2 - 10*x - 10. Suppose 2*k + 46 = 3*s, -s + k - 6*k = 13. Let l be c(s). Suppose a + 4*t = 23, -t + 0*t = 3*a - l. What is the units digit of a?
3
Suppose 4*q - 7 = 13. Suppose 7*d - q*d - 260 = 0. Suppose -5*h = 2*s - 2*h - 88, 3*s = -4*h + d. What is the tens digit of s?
3
Suppose 4*i + 33 + 149 = j, 0 = 4*i - 12. What is the units digit of j?
4
Let y(u) = 8*u**2 + 3*u + 7. Let j be y(5). Suppose -3*t = -j - 153. What is the tens digit of t?
2
Let q(f) = f**2 - 14*f - 33. Let i be q(15). Let j be 1066/i - 6/(-27). Let d = 86 + j. What is the tens digit of d?
2
Suppose 2*y + y + 11694 = 5*g, -12 = 4*y. Suppose 0 = -9*d + g - 141. What is the tens digit of d?
4
Suppose 0 = 6*q - 18*q + 7992. Suppose -5*m 